{"id":1396,"date":"2022-12-13T17:19:19","date_gmt":"2022-12-13T16:19:19","guid":{"rendered":"https:\/\/logo-phenix.com\/?page_id=1396"},"modified":"2024-05-07T22:03:21","modified_gmt":"2024-05-07T20:03:21","slug":"contact","status":"publish","type":"page","link":"https:\/\/logo-phenix.com\/?page_id=1396","title":{"rendered":"CONTACT"},"content":{"rendered":"<div data-colibri-id=\"1396-c1\" class=\"style-1101 style-local-1396-c1 position-relative\">\n  <!---->\n  <div data-colibri-component=\"section\" data-colibri-id=\"1396-c2\" id=\"contact\" class=\"h-section h-section-global-spacing d-flex align-items-lg-center align-items-md-center align-items-center style-1152 style-local-1396-c2 position-relative\">\n    <!---->\n    <!---->\n    <div class=\"h-section-grid-container h-section-boxed-container\">\n      <!---->\n      <div data-colibri-id=\"1396-c3\" class=\"h-row-container gutters-row-lg-2 gutters-row-md-2 gutters-row-0 gutters-row-v-lg-2 gutters-row-v-md-2 gutters-row-v-2 style-1164 style-local-1396-c3 position-relative\">\n        <!---->\n        <div class=\"h-row justify-content-lg-center justify-content-md-center justify-content-center align-items-lg-stretch align-items-md-stretch align-items-stretch gutters-col-lg-2 gutters-col-md-2 gutters-col-0 gutters-col-v-lg-2 gutters-col-v-md-2 gutters-col-v-2\">\n          <!---->\n          <div class=\"h-column h-column-container d-flex h-col-lg-auto h-col-md-auto h-col-auto style-1165-outer style-local-1396-c4-outer\">\n            <div data-colibri-id=\"1396-c4\" class=\"d-flex h-flex-basis h-column__inner h-px-lg-2 h-px-md-2 h-px-2 v-inner-lg-2 v-inner-md-2 v-inner-2 style-1165 style-local-1396-c4 position-relative\">\n              <!---->\n              <!---->\n              <div class=\"w-100 h-y-container h-column__content h-column__v-align flex-basis-100 align-self-lg-start align-self-md-start align-self-start\">\n                <!---->\n                <div data-colibri-id=\"1396-c5\" class=\"h-text h-text-component style-1166 style-local-1396-c5 position-relative h-element\">\n                  <!---->\n                  <!---->\n                  <div class=\"\">\n                    <p>Pour un projet ou une interrogation quelconque n&rsquo;h\u00e9sitez pas \u00e0 me contacter par t\u00e9l\u00e9phone, par e-mail ou sur Instagram\n                      <br>\n                    <\/p>\n                  <\/div>\n                <\/div>\n              <\/div>\n            <\/div>\n          <\/div>\n        <\/div>\n      <\/div>\n      <div data-colibri-id=\"1396-c6\" class=\"h-row-container gutters-row-lg-2 gutters-row-md-2 gutters-row-2 gutters-row-v-lg-2 gutters-row-v-md-2 gutters-row-v-2 style-1153 style-local-1396-c6 position-relative\">\n        <!---->\n        <div class=\"h-row justify-content-lg-center justify-content-md-center justify-content-center align-items-lg-stretch align-items-md-stretch align-items-stretch gutters-col-lg-2 gutters-col-md-2 gutters-col-2 gutters-col-v-lg-2 gutters-col-v-md-2 gutters-col-v-2\">\n          <!---->\n          <div class=\"h-column h-column-container d-flex h-col-lg-3 h-col-md-3 h-col-12 style-1154-outer style-local-1396-c7-outer\">\n            <div data-colibri-id=\"1396-c7\" class=\"d-flex h-flex-basis h-column__inner h-px-lg-0 h-px-md-0 h-px-0 v-inner-lg-0 v-inner-md-0 v-inner-0 style-1154 style-local-1396-c7 position-relative\">\n              <!---->\n              <!---->\n              <div class=\"w-100 h-y-container h-column__content h-column__v-align flex-basis-100 align-self-lg-start align-self-md-start align-self-start\">\n                <!---->\n                <div data-colibri-id=\"1396-c8\" class=\"h-icon style-1155 style-local-1396-c8 position-relative h-element\">\n                  <!----><span class=\"h-svg-icon h-icon__icon style-1155-icon style-local-1396-c8-icon\"><!--Icon by Icons8 Line Awesome (https:\/\/icons8.com\/line-awesome)--><svg version=\"1.1\" xmlns=\"http:\/\/www.w3.org\/2000\/svg\" xmlns:xlink=\"http:\/\/www.w3.org\/1999\/xlink\" id=\"phone\" viewBox=\"0 0 512 545.5\"><path d=\"M138.5 80c8.375 0 16.656 3.024 23.5 8.5l1 .5.5.5 64 66 1.5 1.5-.5.5c14.174 13.212 13.968 35.53.5 49l-32 32c4.92 11.277 18.33 40.02 44.5 65 26.358 25.16 53.932 39.467 65.5 45l31.5-31.5.5-.5c13.28-13.28 36.72-13.28 50 0l.5 1 65 65c13.28 13.28 13.28 36.22 0 49.5L405 481.5l-.5.5-.5.5c-15.01 12.867-36.04 17.486-55.5 11h-.5c-37.55-14.693-113.51-48.01-181.5-116C98.773 309.773 64.052 234.84 50.5 196c-.035-.1.034-.4 0-.5-6.703-18.434-1.915-39.738 13.5-54l-.5-.5 50-51.5.5-.5 1-.5c6.844-5.476 15.125-8.5 23.5-8.5zm0 32c-1.172 0-2.344.575-3.5 1.5L86.5 163l-.5.5-.5.5c-5.674 4.863-7.44 14.493-5 21 12.12 34.847 45.2 106.7 108.5 170 62.784 62.784 133.224 93.76 169.5 108 9.34 3.113 17.11 1.833 24.5-4.5l49-49c2.72-2.72 2.72-1.78 0-4.5l-65.5-65.5c-2.72-2.72-2.28-2.72-5 0l-40 40-7.5 7.5-10-4.5s-43.83-18.552-81-52.5l-3.5-3c-38.595-36.84-57-86-57-86l-3.5-10 7.5-7 40-40c1.966-1.966.874-3.6 1-3.5l-.5-.5-1-1-64-65.5c-1.156-.925-2.328-1.5-3.5-1.5z\"><\/path><\/svg><\/span><\/div>\n                <div\n                  data-colibri-id=\"1396-c9\" class=\"h-global-transition-all h-heading style-1156 style-local-1396-c9 position-relative h-element\">\n                  <!---->\n                  <div class=\"h-heading__outer style-1156 style-local-1396-c9\">\n                    <!---->\n                    <!---->\n                    <h4 class=\"\">06 69 42 14 15<\/h4>\n                  <\/div>\n              <\/div>\n              <div data-colibri-id=\"1396-c10\" class=\"h-divider style-1157 style-local-1396-c10 position-relative h-element\">\n                <!----><span class=\"h-divider__line style-1157-line style-local-1396-c10-line style-1157-line style-local-1396-c10-line\"><\/span><\/div>\n              <div data-colibri-id=\"1396-c11\" class=\"h-text h-text-component style-1158 style-local-1396-c11 position-relative h-element\">\n                <!---->\n                <!---->\n                <div class=\"\">\n                  <p>4099 Sycamore Fork Road<\/p>\n                <\/div>\n              <\/div>\n            <\/div>\n          <\/div>\n        <\/div>\n        <div class=\"h-column h-column-container d-flex h-col-lg-3 h-col-md-3 h-col-12 style-1154-outer style-local-1396-c12-outer\">\n          <div data-colibri-id=\"1396-c12\" class=\"d-flex h-flex-basis h-column__inner h-px-lg-0 h-px-md-0 h-px-0 v-inner-lg-0 v-inner-md-0 v-inner-0 style-1154 style-local-1396-c12 position-relative\">\n            <!---->\n            <!---->\n            <div class=\"w-100 h-y-container h-column__content h-column__v-align flex-basis-100 align-self-lg-start align-self-md-start align-self-start\">\n              <!---->\n              <div data-colibri-id=\"1396-c13\" class=\"h-icon style-1155 style-local-1396-c13 position-relative h-element\">\n                <!----><span class=\"h-svg-icon h-icon__icon style-1155-icon style-local-1396-c13-icon\"><!--Icon by Icons8 Line Awesome (https:\/\/icons8.com\/line-awesome)--><svg version=\"1.1\" xmlns=\"http:\/\/www.w3.org\/2000\/svg\" xmlns:xlink=\"http:\/\/www.w3.org\/1999\/xlink\" id=\"envelope\" viewBox=\"0 0 512 545.5\"><path d=\"M48 160h416v288H48V160zm69 32l139 92.5L395 192H117zm-37 14v210h352V206L265 317.5l-9 5.5-9-5.5z\"><\/path><\/svg><\/span><\/div>\n              <div\n                data-colibri-id=\"1396-c14\" class=\"h-global-transition-all h-heading style-1156 style-local-1396-c14 position-relative h-element\">\n                <!---->\n                <div class=\"h-heading__outer style-1156 style-local-1396-c14\">\n                  <!---->\n                  <!---->\n                  <h4 class=\"\">studiophenixparis@gmail.com<\/h4>\n                <\/div>\n            <\/div>\n            <div data-colibri-id=\"1396-c15\" class=\"h-divider style-1157 style-local-1396-c15 position-relative h-element\">\n              <!----><span class=\"h-divider__line style-1157-line style-local-1396-c15-line style-1157-line style-local-1396-c15-line\"><\/span><\/div>\n            <div data-colibri-id=\"1396-c16\" class=\"h-text h-text-component style-1158 style-local-1396-c16 position-relative h-element\">\n              <!---->\n              <!---->\n              <div class=\"\">\n                <p>1829 Pinewood Avenue<\/p>\n              <\/div>\n            <\/div>\n            <div data-colibri-id=\"1396-c17\" class=\"h-text h-text-component style-1159 style-local-1396-c17 position-relative h-element\">\n              <!---->\n              <!---->\n              <div class=\"\">\n                <p>Michigan MI 324001<\/p>\n              <\/div>\n            <\/div>\n          <\/div>\n        <\/div>\n      <\/div>\n      <div class=\"h-column h-column-container d-flex h-col-lg-3 h-col-md-3 h-col-12 style-1154-outer style-local-1396-c18-outer\">\n        <div data-colibri-id=\"1396-c18\" class=\"d-flex h-flex-basis h-column__inner h-px-lg-0 h-px-md-0 h-px-0 v-inner-lg-0 v-inner-md-0 v-inner-0 style-1154 style-local-1396-c18 position-relative\">\n          <!---->\n          <!---->\n          <div class=\"w-100 h-y-container h-column__content h-column__v-align flex-basis-100 align-self-lg-start align-self-md-start align-self-start\">\n            <!---->\n            <div data-colibri-id=\"1396-c19\" class=\"h-icon style-1155 style-local-1396-c19 position-relative h-element\">\n              <!---->\n              <a href=\"https:\/\/www.instagram.com\/dinafalk_design_france\/\" target=\"_blank\" h-use-smooth-scroll=\"true\" rel=\"noopener\"><span class=\"h-svg-icon h-icon__icon style-1155-icon style-local-1396-c19-icon\"><!--Icon by Font Awesome (https:\/\/fontawesome.com)-->\n    <svg version=\"1.1\" xmlns=\"http:\/\/www.w3.org\/2000\/svg\" xmlns:xlink=\"http:\/\/www.w3.org\/1999\/xlink\" id=\"instagram\" viewBox=\"0 0 1536 1896.0833\">\n      <path d=\"M1024 896q0-106-75-181t-181-75-181 75-75 181 75 181 181 75 181-75 75-181zm138 0q0 164-115 279t-279 115-279-115-115-279 115-279 279-115 279 115 115 279zm108-410q0 38-27 65t-65 27-65-27-27-65 27-65 65-27 65 27 27 65zM768 266q-7 0-76.5-.5t-105.5 0-96.5 3-103 10T315 297q-50 20-88 58t-58 88q-11 29-18.5 71.5t-10 103-3 96.5 0 105.5.5 76.5-.5 76.5 0 105.5 3 96.5 10 103T169 1349q20 50 58 88t88 58q29 11 71.5 18.5t103 10 96.5 3 105.5 0 76.5-.5 76.5.5 105.5 0 96.5-3 103-10 71.5-18.5q50-20 88-58t58-88q11-29 18.5-71.5t10-103 3-96.5 0-105.5-.5-76.5.5-76.5 0-105.5-3-96.5-10-103T1367 443q-20-50-58-88t-88-58q-29-11-71.5-18.5t-103-10-96.5-3-105.5 0-76.5.5zm768 630q0 229-5 317-10 208-124 322t-322 124q-88 5-317 5t-317-5q-208-10-322-124T5 1213q-5-88-5-317t5-317q10-208 124-322t322-124q88-5 317-5t317 5q208 10 322 124t124 322q5 88 5 317z\"><\/path>\n    <\/svg><\/span><\/a>\n            <\/div>\n            <div data-colibri-id=\"1396-c20\" class=\"h-global-transition-all h-heading style-1156 style-local-1396-c20 position-relative h-element\">\n              <!---->\n              <div class=\"h-heading__outer style-1156 style-local-1396-c20\">\n                <!---->\n                <!---->\n                <a href=\"https:\/\/www.instagram.com\/dinafalk_design_france\/\" target=\"_blank\" h-use-smooth-scroll=\"true\" rel=\"noopener\">\n                  <h4 class=\"\">@dinafalk_design_france<\/h4>\n                <\/a>\n              <\/div>\n            <\/div>\n            <div data-colibri-id=\"1396-c21\" class=\"h-divider style-1157 style-local-1396-c21 position-relative h-element\">\n              <!----><span class=\"h-divider__line style-1157-line style-local-1396-c21-line style-1157-line style-local-1396-c21-line\"><\/span><\/div>\n            <div data-colibri-id=\"1396-c22\" class=\"h-text h-text-component style-1158 style-local-1396-c22 position-relative h-element\">\n              <!---->\n              <!---->\n              <div class=\"\">\n                <p>office@yourwebsite.com<\/p>\n              <\/div>\n            <\/div>\n            <div data-colibri-id=\"1396-c23\" class=\"h-text h-text-component style-1160 style-local-1396-c23 position-relative h-element\">\n              <!---->\n              <!---->\n              <div class=\"\">\n                <p>career@yourwebsite.com<\/p>\n              <\/div>\n            <\/div>\n          <\/div>\n        <\/div>\n      <\/div>\n    <\/div>\n  <\/div>\n<\/div>\n<\/div>\n<\/div>","protected":false},"excerpt":{"rendered":"<p>Pour un projet ou une interrogation quelconque n&rsquo;h\u00e9sitez pas \u00e0 me contacter par t\u00e9l\u00e9phone, par e-mail ou sur Instagram 06 69 42 14 15 4099 Sycamore Fork Road studiophenixparis@gmail.com 1829 Pinewood Avenue Michigan MI 324001 @dinafalk_design_france office@yourwebsite.com career@yourwebsite.com<\/p>\n","protected":false},"author":1,"featured_media":0,"parent":0,"menu_order":0,"comment_status":"closed","ping_status":"closed","template":"page-templates\/full-width-page.php","meta":{"om_disable_all_campaigns":false,"_mi_skip_tracking":false,"footnotes":""},"class_list":["post-1396","page","type-page","status-publish","hentry"],"aioseo_notices":[],"yoast_head":"<!-- This site is optimized with the Yoast SEO plugin v22.6 - https:\/\/yoast.com\/wordpress\/plugins\/seo\/ -->\n<title>CONTACT - Graphiste Freelance<\/title>\n<meta name=\"robots\" content=\"index, follow, max-snippet:-1, max-image-preview:large, max-video-preview:-1\" \/>\n<link rel=\"canonical\" href=\"https:\/\/logo-phenix.com\/?page_id=1396\" \/>\n<meta property=\"og:locale\" content=\"fr_FR\" \/>\n<meta property=\"og:type\" content=\"article\" \/>\n<meta property=\"og:title\" content=\"CONTACT - Graphiste Freelance\" \/>\n<meta property=\"og:description\" content=\"Pour un projet ou une interrogation quelconque n&rsquo;h\u00e9sitez pas \u00e0 me contacter par t\u00e9l\u00e9phone, par e-mail ou sur Instagram 06 69 42 14 15 4099 Sycamore Fork Road studiophenixparis@gmail.com 1829 Pinewood Avenue Michigan MI 324001 @dinafalk_design_france office@yourwebsite.com career@yourwebsite.com\" \/>\n<meta property=\"og:url\" content=\"https:\/\/logo-phenix.com\/?page_id=1396\" \/>\n<meta property=\"og:site_name\" content=\"Graphiste Freelance\" \/>\n<meta property=\"article:modified_time\" content=\"2024-05-07T20:03:21+00:00\" \/>\n<meta name=\"twitter:card\" content=\"summary_large_image\" \/>\n<script type=\"application\/ld+json\" class=\"yoast-schema-graph\">{\"@context\":\"https:\/\/schema.org\",\"@graph\":[{\"@type\":\"WebPage\",\"@id\":\"https:\/\/logo-phenix.com\/?page_id=1396\",\"url\":\"https:\/\/logo-phenix.com\/?page_id=1396\",\"name\":\"CONTACT - Graphiste Freelance\",\"isPartOf\":{\"@id\":\"https:\/\/logo-phenix.com\/#website\"},\"datePublished\":\"2022-12-13T16:19:19+00:00\",\"dateModified\":\"2024-05-07T20:03:21+00:00\",\"breadcrumb\":{\"@id\":\"https:\/\/logo-phenix.com\/?page_id=1396#breadcrumb\"},\"inLanguage\":\"fr-FR\",\"potentialAction\":[{\"@type\":\"ReadAction\",\"target\":[\"https:\/\/logo-phenix.com\/?page_id=1396\"]}]},{\"@type\":\"BreadcrumbList\",\"@id\":\"https:\/\/logo-phenix.com\/?page_id=1396#breadcrumb\",\"itemListElement\":[{\"@type\":\"ListItem\",\"position\":1,\"name\":\"Accueil\",\"item\":\"https:\/\/logo-phenix.com\/\"},{\"@type\":\"ListItem\",\"position\":2,\"name\":\"CONTACT\"}]},{\"@type\":\"WebSite\",\"@id\":\"https:\/\/logo-phenix.com\/#website\",\"url\":\"https:\/\/logo-phenix.com\/\",\"name\":\"Cr\u00e9ation des logos et site internet\",\"description\":\"Logos Distinctifs, Sites Web Performants\",\"alternateName\":\"Branding et Cr\u00e9ation de Sites Web\",\"potentialAction\":[{\"@type\":\"SearchAction\",\"target\":{\"@type\":\"EntryPoint\",\"urlTemplate\":\"https:\/\/logo-phenix.com\/?s={search_term_string}\"},\"query-input\":\"required name=search_term_string\"}],\"inLanguage\":\"fr-FR\"}]}<\/script>\n<!-- \/ Yoast SEO plugin. -->","yoast_head_json":{"title":"CONTACT - Graphiste Freelance","robots":{"index":"index","follow":"follow","max-snippet":"max-snippet:-1","max-image-preview":"max-image-preview:large","max-video-preview":"max-video-preview:-1"},"canonical":"https:\/\/logo-phenix.com\/?page_id=1396","og_locale":"fr_FR","og_type":"article","og_title":"CONTACT - Graphiste Freelance","og_description":"Pour un projet ou une interrogation quelconque n&rsquo;h\u00e9sitez pas \u00e0 me contacter par t\u00e9l\u00e9phone, par e-mail ou sur Instagram 06 69 42 14 15 4099 Sycamore Fork Road studiophenixparis@gmail.com 1829 Pinewood Avenue Michigan MI 324001 @dinafalk_design_france office@yourwebsite.com career@yourwebsite.com","og_url":"https:\/\/logo-phenix.com\/?page_id=1396","og_site_name":"Graphiste Freelance","article_modified_time":"2024-05-07T20:03:21+00:00","twitter_card":"summary_large_image","schema":{"@context":"https:\/\/schema.org","@graph":[{"@type":"WebPage","@id":"https:\/\/logo-phenix.com\/?page_id=1396","url":"https:\/\/logo-phenix.com\/?page_id=1396","name":"CONTACT - Graphiste Freelance","isPartOf":{"@id":"https:\/\/logo-phenix.com\/#website"},"datePublished":"2022-12-13T16:19:19+00:00","dateModified":"2024-05-07T20:03:21+00:00","breadcrumb":{"@id":"https:\/\/logo-phenix.com\/?page_id=1396#breadcrumb"},"inLanguage":"fr-FR","potentialAction":[{"@type":"ReadAction","target":["https:\/\/logo-phenix.com\/?page_id=1396"]}]},{"@type":"BreadcrumbList","@id":"https:\/\/logo-phenix.com\/?page_id=1396#breadcrumb","itemListElement":[{"@type":"ListItem","position":1,"name":"Accueil","item":"https:\/\/logo-phenix.com\/"},{"@type":"ListItem","position":2,"name":"CONTACT"}]},{"@type":"WebSite","@id":"https:\/\/logo-phenix.com\/#website","url":"https:\/\/logo-phenix.com\/","name":"Cr\u00e9ation des logos et site internet","description":"Logos Distinctifs, Sites Web Performants","alternateName":"Branding et Cr\u00e9ation de Sites Web","potentialAction":[{"@type":"SearchAction","target":{"@type":"EntryPoint","urlTemplate":"https:\/\/logo-phenix.com\/?s={search_term_string}"},"query-input":"required name=search_term_string"}],"inLanguage":"fr-FR"}]}},"_links":{"self":[{"href":"https:\/\/logo-phenix.com\/index.php?rest_route=\/wp\/v2\/pages\/1396","targetHints":{"allow":["GET"]}}],"collection":[{"href":"https:\/\/logo-phenix.com\/index.php?rest_route=\/wp\/v2\/pages"}],"about":[{"href":"https:\/\/logo-phenix.com\/index.php?rest_route=\/wp\/v2\/types\/page"}],"author":[{"embeddable":true,"href":"https:\/\/logo-phenix.com\/index.php?rest_route=\/wp\/v2\/users\/1"}],"replies":[{"embeddable":true,"href":"https:\/\/logo-phenix.com\/index.php?rest_route=%2Fwp%2Fv2%2Fcomments&post=1396"}],"version-history":[{"count":2,"href":"https:\/\/logo-phenix.com\/index.php?rest_route=\/wp\/v2\/pages\/1396\/revisions"}],"predecessor-version":[{"id":2125,"href":"https:\/\/logo-phenix.com\/index.php?rest_route=\/wp\/v2\/pages\/1396\/revisions\/2125"}],"wp:attachment":[{"href":"https:\/\/logo-phenix.com\/index.php?rest_route=%2Fwp%2Fv2%2Fmedia&parent=1396"}],"curies":[{"name":"wp","href":"https:\/\/api.w.org\/{rel}","templated":true}]}}